Last updated on 2024-04-28 04:58:45 CEST.
Flavor | Version | Tinstall | Tcheck | Ttotal | Status | Flags |
---|---|---|---|---|---|---|
r-devel-linux-x86_64-debian-clang | 1.0.0 | 16.28 | 56.61 | 72.89 | OK | |
r-devel-linux-x86_64-debian-gcc | 1.0.0 | 15.21 | 40.72 | 55.93 | OK | |
r-devel-linux-x86_64-fedora-clang | 1.0.0 | 94.28 | NOTE | |||
r-devel-linux-x86_64-fedora-gcc | 1.0.0 | 89.98 | NOTE | |||
r-devel-windows-x86_64 | 1.0.0 | 17.00 | 69.00 | 86.00 | OK | |
r-patched-linux-x86_64 | 1.0.0 | 17.23 | 53.70 | 70.93 | OK | |
r-release-linux-x86_64 | 1.0.0 | 17.78 | 51.83 | 69.61 | OK | |
r-release-macos-arm64 | 1.0.0 | 29.00 | OK | |||
r-release-windows-x86_64 | 1.0.0 | 16.00 | 67.00 | 83.00 | OK | |
r-oldrel-macos-arm64 | 1.0.0 | 30.00 | OK | |||
r-oldrel-macos-x86_64 | 1.0.0 | 48.00 | OK | |||
r-oldrel-windows-x86_64 | 1.0.0 | 17.00 | 75.00 | 92.00 | OK |
Version: 1.0.0
Check: installed package size
Result: NOTE
installed size is 5.5Mb
sub-directories of 1Mb or more:
libs 4.9Mb
Flavor: r-devel-linux-x86_64-fedora-clang
Version: 1.0.0
Check: compiled code
Result: NOTE
File ‘KERE/libs/KERE.so’:
Found no calls to: ‘R_registerRoutines’, ‘R_useDynamicSymbols’
It is good practice to register native routines and to disable symbol
search.
See ‘Writing portable packages’ in the ‘Writing R Extensions’ manual.
Flavors: r-devel-linux-x86_64-fedora-clang, r-devel-linux-x86_64-fedora-gcc