Last updated on 2024-05-02 05:12:40 CEST.
Flavor | Version | Tinstall | Tcheck | Ttotal | Status | Flags |
---|---|---|---|---|---|---|
r-devel-linux-x86_64-debian-clang | 0.1.0 | 2.45 | 39.95 | 42.40 | NOTE | |
r-devel-linux-x86_64-debian-gcc | 0.1.0 | 1.91 | 28.98 | 30.89 | NOTE | |
r-devel-linux-x86_64-fedora-clang | 0.1.0 | 53.58 | NOTE | |||
r-devel-linux-x86_64-fedora-gcc | 0.1.0 | 62.75 | NOTE | |||
r-devel-windows-x86_64 | 0.1.0 | 3.00 | 51.00 | 54.00 | NOTE | |
r-patched-linux-x86_64 | 0.1.0 | 2.21 | 38.18 | 40.39 | NOTE | |
r-release-linux-x86_64 | 0.1.0 | 2.22 | 37.76 | 39.98 | NOTE | |
r-release-macos-arm64 | 0.1.0 | 29.00 | NOTE | |||
r-release-windows-x86_64 | 0.1.0 | 3.00 | 51.00 | 54.00 | NOTE | |
r-oldrel-macos-arm64 | 0.1.0 | 25.00 | NOTE | |||
r-oldrel-macos-x86_64 | 0.1.0 | 37.00 | NOTE | |||
r-oldrel-windows-x86_64 | 0.1.0 | 3.00 | 51.00 | 54.00 | NOTE |
Version: 0.1.0
Check: LazyData
Result: NOTE
'LazyData' is specified without a 'data' directory
Flavors: r-devel-linux-x86_64-debian-clang, r-devel-linux-x86_64-debian-gcc, r-devel-linux-x86_64-fedora-clang, r-devel-linux-x86_64-fedora-gcc, r-devel-windows-x86_64, r-patched-linux-x86_64, r-release-linux-x86_64, r-release-macos-arm64, r-release-windows-x86_64, r-oldrel-macos-arm64, r-oldrel-macos-x86_64, r-oldrel-windows-x86_64