Last updated on 2024-05-02 05:12:38 CEST.
Flavor | Version | Tinstall | Tcheck | Ttotal | Status | Flags |
---|---|---|---|---|---|---|
r-devel-linux-x86_64-debian-clang | 5.1-2 | 62.74 | 395.08 | 457.82 | NOTE | |
r-devel-linux-x86_64-debian-gcc | 5.1-2 | 51.45 | 267.92 | 319.37 | NOTE | |
r-devel-linux-x86_64-fedora-clang | 5.1-2 | 547.72 | NOTE | |||
r-devel-linux-x86_64-fedora-gcc | 5.1-2 | 558.05 | NOTE | |||
r-devel-windows-x86_64 | 5.1-2 | 60.00 | 327.00 | 387.00 | NOTE | |
r-patched-linux-x86_64 | 5.1-2 | 53.65 | 357.23 | 410.88 | NOTE | |
r-release-linux-x86_64 | 5.1-2 | 38.04 | 356.83 | 394.87 | NOTE | |
r-release-macos-arm64 | 5.1-2 | 137.00 | NOTE | |||
r-release-macos-x86_64 | 5.1-2 | 267.00 | NOTE | |||
r-release-windows-x86_64 | 5.1-2 | 59.00 | 325.00 | 384.00 | NOTE | |
r-oldrel-macos-arm64 | 5.1-2 | 110.00 | NOTE | |||
r-oldrel-macos-x86_64 | 5.1-2 | 274.00 | NOTE | |||
r-oldrel-windows-x86_64 | 5.1-2 | 69.00 | 419.00 | 488.00 | NOTE |
Version: 5.1-2
Check: R code for possible problems
Result: NOTE
html_describe_con: multiple local function definitions for āgā with
different formal arguments
Flavors: r-devel-linux-x86_64-debian-clang, r-devel-linux-x86_64-debian-gcc, r-devel-linux-x86_64-fedora-clang, r-devel-linux-x86_64-fedora-gcc, r-devel-windows-x86_64, r-patched-linux-x86_64, r-release-linux-x86_64, r-release-macos-arm64, r-release-macos-x86_64, r-release-windows-x86_64, r-oldrel-macos-arm64, r-oldrel-macos-x86_64, r-oldrel-windows-x86_64