Last updated on 2024-03-29 04:54:35 CET.
Flavor | Version | Tinstall | Tcheck | Ttotal | Status | Flags |
---|---|---|---|---|---|---|
r-devel-linux-x86_64-debian-clang | 1.1 | 128.99 | 35.00 | 163.99 | NOTE | |
r-devel-linux-x86_64-debian-gcc | 1.1 | 104.49 | 27.38 | 131.87 | NOTE | |
r-devel-linux-x86_64-fedora-clang | 1.1 | 272.42 | NOTE | |||
r-devel-linux-x86_64-fedora-gcc | 1.1 | 261.74 | NOTE | |||
r-devel-windows-x86_64 | 1.1 | 106.00 | 70.00 | 176.00 | NOTE | |
r-patched-linux-x86_64 | 1.1 | 131.89 | 33.87 | 165.76 | NOTE | |
r-release-linux-x86_64 | 1.1 | 133.24 | 32.95 | 166.19 | NOTE | |
r-release-macos-arm64 | 1.1 | 59.00 | NOTE | |||
r-release-macos-x86_64 | 1.1 | 101.00 | NOTE | |||
r-release-windows-x86_64 | 1.1 | 131.00 | 77.00 | 208.00 | NOTE | |
r-oldrel-macos-arm64 | 1.1 | 54.00 | NOTE | |||
r-oldrel-windows-x86_64 | 1.1 | 128.00 | 76.00 | 204.00 | NOTE |
Version: 1.1
Check: C++ specification
Result: NOTE
Specified C++11: please drop specification unless essential
Flavors: r-devel-linux-x86_64-debian-clang, r-devel-linux-x86_64-debian-gcc, r-devel-linux-x86_64-fedora-clang, r-devel-linux-x86_64-fedora-gcc, r-devel-windows-x86_64, r-patched-linux-x86_64, r-release-linux-x86_64, r-release-macos-arm64, r-release-macos-x86_64, r-release-windows-x86_64
Version: 1.1
Check: installed package size
Result: NOTE
installed size is 5.0Mb
sub-directories of 1Mb or more:
data 3.5Mb
libs 1.3Mb
Flavors: r-devel-windows-x86_64, r-release-macos-arm64, r-release-macos-x86_64, r-release-windows-x86_64, r-oldrel-macos-arm64, r-oldrel-windows-x86_64