Last updated on 2024-04-27 04:55:08 CEST.
Flavor | Version | Tinstall | Tcheck | Ttotal | Status | Flags |
---|---|---|---|---|---|---|
r-devel-linux-x86_64-debian-clang | 4.0.7 | 1.94 | 40.90 | 42.84 | NOTE | |
r-devel-linux-x86_64-debian-gcc | 4.0.7 | 1.47 | 31.03 | 32.50 | NOTE | |
r-devel-linux-x86_64-fedora-clang | 4.0.7 | 56.02 | NOTE | |||
r-devel-linux-x86_64-fedora-gcc | 4.0.7 | 52.88 | NOTE | |||
r-devel-windows-x86_64 | 4.0.7 | 3.00 | 54.00 | 57.00 | NOTE | |
r-patched-linux-x86_64 | 4.0.7 | 1.98 | 38.84 | 40.82 | NOTE | |
r-release-linux-x86_64 | 4.0.7 | 1.64 | 38.31 | 39.95 | NOTE | |
r-release-macos-arm64 | 4.0.7 | 23.00 | NOTE | |||
r-release-windows-x86_64 | 4.0.7 | 3.00 | 55.00 | 58.00 | NOTE | |
r-oldrel-macos-arm64 | 4.0.7 | 21.00 | NOTE | |||
r-oldrel-macos-x86_64 | 4.0.7 | 33.00 | NOTE | |||
r-oldrel-windows-x86_64 | 4.0.7 | 4.00 | 57.00 | 61.00 | NOTE |
Version: 4.0.7
Check: package dependencies
Result: NOTE
Package suggested but not available for checking: ‘paleofire’
Flavors: r-devel-linux-x86_64-debian-clang, r-devel-linux-x86_64-debian-gcc, r-devel-linux-x86_64-fedora-clang, r-devel-linux-x86_64-fedora-gcc, r-devel-windows-x86_64, r-patched-linux-x86_64, r-release-linux-x86_64, r-release-macos-arm64, r-release-windows-x86_64, r-oldrel-macos-arm64, r-oldrel-macos-x86_64, r-oldrel-windows-x86_64
Version: 4.0.7
Check: dependencies in R code
Result: NOTE
Namespace in Imports field not imported from: ‘raster’
All declared Imports should be used.
Flavors: r-devel-linux-x86_64-fedora-clang, r-devel-linux-x86_64-fedora-gcc
Version: 4.0.7
Check: data for non-ASCII characters
Result: NOTE
Note: found 103 marked UTF-8 strings
Flavors: r-devel-linux-x86_64-fedora-clang, r-devel-linux-x86_64-fedora-gcc