Last updated on 2024-05-02 05:12:36 CEST.
Flavor | Version | Tinstall | Tcheck | Ttotal | Status | Flags |
---|---|---|---|---|---|---|
r-devel-linux-x86_64-debian-clang | 9.1.3 | 387.35 | 62.27 | 449.62 | NOTE | |
r-devel-linux-x86_64-debian-gcc | 9.1.3 | 342.09 | 46.98 | 389.07 | NOTE | |
r-devel-linux-x86_64-fedora-clang | 9.1.3 | 615.96 | NOTE | |||
r-devel-linux-x86_64-fedora-gcc | 9.1.3 | 734.90 | NOTE | |||
r-devel-windows-x86_64 | 9.1.3 | 304.00 | 99.00 | 403.00 | NOTE | |
r-patched-linux-x86_64 | 9.1.3 | 442.46 | 57.19 | 499.65 | NOTE | |
r-release-linux-x86_64 | 9.1.3 | 407.54 | 58.73 | 466.27 | NOTE | |
r-release-macos-arm64 | 9.1.3 | 125.00 | NOTE | |||
r-release-macos-x86_64 | 9.1.3 | 181.00 | NOTE | |||
r-release-windows-x86_64 | 9.1.3 | 304.00 | 104.00 | 408.00 | NOTE | |
r-oldrel-macos-arm64 | 9.1.3 | 159.00 | NOTE | |||
r-oldrel-macos-x86_64 | 9.1.3 | 180.00 | NOTE | |||
r-oldrel-windows-x86_64 | 9.1.3 | 273.00 | 115.00 | 388.00 | NOTE |
Version: 9.1.3
Check: for GNU extensions in Makefiles
Result: NOTE
GNU make is a SystemRequirements.
Flavors: r-devel-linux-x86_64-debian-clang, r-devel-linux-x86_64-debian-gcc, r-devel-linux-x86_64-fedora-clang, r-devel-linux-x86_64-fedora-gcc, r-devel-windows-x86_64, r-patched-linux-x86_64, r-release-linux-x86_64, r-release-macos-arm64, r-release-macos-x86_64, r-release-windows-x86_64, r-oldrel-macos-arm64, r-oldrel-macos-x86_64, r-oldrel-windows-x86_64
Version: 9.1.3
Check: installed package size
Result: NOTE
installed size is 26.0Mb
sub-directories of 1Mb or more:
libs 25.7Mb
Flavors: r-release-macos-arm64, r-release-macos-x86_64, r-oldrel-macos-arm64, r-oldrel-macos-x86_64