Last updated on 2024-05-01 16:52:53 CEST.
Flavor | Version | Tinstall | Tcheck | Ttotal | Status | Flags |
---|---|---|---|---|---|---|
r-devel-linux-x86_64-debian-clang | 0.3.2 | 12.18 | 348.68 | 360.86 | OK | |
r-devel-linux-x86_64-debian-gcc | 0.3.2 | 10.45 | 255.75 | 266.20 | OK | |
r-devel-linux-x86_64-fedora-clang | 0.3.2 | 447.31 | NOTE | |||
r-devel-linux-x86_64-fedora-gcc | 0.3.2 | 472.59 | OK | |||
r-devel-windows-x86_64 | 0.3.2 | 12.00 | 232.00 | 244.00 | NOTE | |
r-patched-linux-x86_64 | 0.3.2 | 18.81 | 323.81 | 342.62 | OK | |
r-release-linux-x86_64 | 0.3.2 | 7.87 | 332.03 | 339.90 | OK | |
r-release-macos-arm64 | 0.3.2 | 120.00 | NOTE | |||
r-release-macos-x86_64 | 0.3.2 | 216.00 | NOTE | |||
r-release-windows-x86_64 | 0.3.2 | 12.00 | 239.00 | 251.00 | NOTE | |
r-oldrel-macos-arm64 | 0.3.2 | 129.00 | NOTE | |||
r-oldrel-macos-x86_64 | 0.3.2 | 179.00 | NOTE | |||
r-oldrel-windows-x86_64 | 0.3.2 | 16.00 | 306.00 | 322.00 | NOTE |
Version: 0.3.2
Check: installed package size
Result: NOTE
installed size is 6.8Mb
sub-directories of 1Mb or more:
data 2.5Mb
doc 1.6Mb
extdata 2.4Mb
Flavors: r-devel-linux-x86_64-fedora-clang, r-devel-windows-x86_64, r-release-macos-arm64, r-release-macos-x86_64, r-release-windows-x86_64, r-oldrel-macos-arm64, r-oldrel-macos-x86_64, r-oldrel-windows-x86_64