Last updated on 2024-05-02 05:12:34 CEST.
Flavor | Version | Tinstall | Tcheck | Ttotal | Status | Flags |
---|---|---|---|---|---|---|
r-devel-linux-x86_64-debian-clang | 1.3.2 | 2.31 | 36.46 | 38.77 | OK | |
r-devel-linux-x86_64-debian-gcc | 1.3.2 | 2.22 | 28.15 | 30.37 | OK | |
r-devel-linux-x86_64-fedora-clang | 1.3.2 | 51.58 | NOTE | |||
r-devel-linux-x86_64-fedora-gcc | 1.3.2 | 61.99 | NOTE | |||
r-devel-windows-x86_64 | 1.3.2 | 3.00 | 53.00 | 56.00 | OK | |
r-patched-linux-x86_64 | 1.3.2 | 2.85 | 36.02 | 38.87 | OK | |
r-release-linux-x86_64 | 1.3.2 | 2.10 | 35.85 | 37.95 | OK | |
r-release-macos-arm64 | 1.3.2 | 28.00 | OK | |||
r-release-windows-x86_64 | 1.3.2 | 4.00 | 53.00 | 57.00 | OK | |
r-oldrel-macos-arm64 | 1.3.2 | 29.00 | OK | |||
r-oldrel-macos-x86_64 | 1.3.2 | 41.00 | OK | |||
r-oldrel-windows-x86_64 | 1.3.2 | 4.00 | 54.00 | 58.00 | OK |
Version: 1.3.2
Check: data for non-ASCII characters
Result: NOTE
Note: found 5764 marked UTF-8 strings
Flavors: r-devel-linux-x86_64-fedora-clang, r-devel-linux-x86_64-fedora-gcc