Last updated on 2024-05-02 05:12:35 CEST.
Flavor | Version | Tinstall | Tcheck | Ttotal | Status | Flags |
---|---|---|---|---|---|---|
r-devel-linux-x86_64-debian-clang | 0.2 | 1.78 | 23.21 | 24.99 | OK | |
r-devel-linux-x86_64-debian-gcc | 0.2 | 1.69 | 17.99 | 19.68 | OK | |
r-devel-linux-x86_64-fedora-clang | 0.2 | 31.94 | NOTE | |||
r-devel-linux-x86_64-fedora-gcc | 0.2 | 29.81 | OK | |||
r-devel-windows-x86_64 | 0.2 | 2.00 | 38.00 | 40.00 | OK | |
r-patched-linux-x86_64 | 0.2 | 2.09 | 21.76 | 23.85 | OK | |
r-release-linux-x86_64 | 0.2 | 1.87 | 22.73 | 24.60 | OK | |
r-release-macos-arm64 | 0.2 | 14.00 | OK | |||
r-release-windows-x86_64 | 0.2 | 3.00 | 40.00 | 43.00 | OK | |
r-oldrel-macos-arm64 | 0.2 | 18.00 | OK | |||
r-oldrel-macos-x86_64 | 0.2 | 22.00 | OK | |||
r-oldrel-windows-x86_64 | 0.2 | 3.00 | 40.00 | 43.00 | OK |
Version: 0.2
Check: Rd cross-references
Result: NOTE
Undeclared package ‘stringdist’ in Rd xrefs
Flavor: r-devel-linux-x86_64-fedora-clang