Last updated on 2024-04-19 05:10:38 CEST.
Flavor | Version | Tinstall | Tcheck | Ttotal | Status | Flags |
---|---|---|---|---|---|---|
r-devel-linux-x86_64-debian-clang | 2.0.11 | 11.33 | 28.16 | 39.49 | OK | |
r-devel-linux-x86_64-debian-gcc | 2.0.11 | 9.44 | 21.78 | 31.22 | OK | |
r-devel-linux-x86_64-fedora-clang | 2.0.11 | 50.31 | NOTE | |||
r-devel-linux-x86_64-fedora-gcc | 2.0.11 | 64.00 | NOTE | |||
r-prerel-macos-arm64 | 2.0.11 | 27.00 | OK | |||
r-prerel-windows-x86_64 | 2.0.11 | 14.00 | 52.00 | 66.00 | OK | |
r-patched-linux-x86_64 | 2.0.11 | 11.55 | 27.09 | 38.64 | OK | |
r-release-linux-x86_64 | 2.0.11 | 11.05 | 27.29 | 38.34 | OK | |
r-release-macos-arm64 | 2.0.11 | 29.00 | OK | |||
r-release-macos-x86_64 | 2.0.11 | 80.00 | OK | |||
r-release-windows-x86_64 | 2.0.11 | 14.00 | 51.00 | 65.00 | OK | |
r-oldrel-macos-arm64 | 2.0.11 | 26.00 | OK | |||
r-oldrel-windows-x86_64 | 2.0.11 | 17.00 | 53.00 | 70.00 | OK |
Version: 2.0.11
Check: compiled code
Result: NOTE
File ‘BiasedUrn/libs/BiasedUrn.so’:
Found no calls to: ‘R_registerRoutines’, ‘R_useDynamicSymbols’
It is good practice to register native routines and to disable symbol
search.
See ‘Writing portable packages’ in the ‘Writing R Extensions’ manual.
Flavors: r-devel-linux-x86_64-fedora-clang, r-devel-linux-x86_64-fedora-gcc