Last updated on 2024-04-20 05:02:58 CEST.
Flavor | Version | Tinstall | Tcheck | Ttotal | Status | Flags |
---|---|---|---|---|---|---|
r-devel-linux-x86_64-debian-clang | 1.0-3 | 4.01 | 45.23 | 49.24 | NOTE | |
r-devel-linux-x86_64-debian-gcc | 1.0-3 | NOTE | ||||
r-devel-linux-x86_64-fedora-clang | 1.0-3 | 61.97 | NOTE | |||
r-devel-linux-x86_64-fedora-gcc | 1.0-3 | 65.49 | NOTE | |||
r-prerel-macos-arm64 | 1.0-3 | 20.00 | NOTE | |||
r-prerel-windows-x86_64 | 1.0-3 | 6.00 | 53.00 | 59.00 | NOTE | |
r-patched-linux-x86_64 | 1.0-3 | 5.10 | 43.72 | 48.82 | NOTE | |
r-release-linux-x86_64 | 1.0-3 | 4.15 | 42.73 | 46.88 | OK | |
r-release-macos-arm64 | 1.0-3 | 23.00 | OK | |||
r-release-macos-x86_64 | 1.0-3 | 34.00 | OK | |||
r-release-windows-x86_64 | 1.0-3 | 4.00 | 116.00 | 120.00 | OK | |
r-oldrel-macos-arm64 | 1.0-3 | 21.00 | OK | |||
r-oldrel-windows-x86_64 | 1.0-3 | 7.00 | 60.00 | 67.00 | OK |
Version: 1.0-3
Check: Rd files
Result: NOTE
checkRd: (-1) plot.AssetPricing.Rd:199-200: Lost braces
199 | yakka. (Note that \code{flap} stands for dQuote{function list
| ^
Flavors: r-devel-linux-x86_64-debian-clang, r-devel-linux-x86_64-debian-gcc, r-devel-linux-x86_64-fedora-clang, r-devel-linux-x86_64-fedora-gcc, r-prerel-macos-arm64, r-prerel-windows-x86_64, r-patched-linux-x86_64