Last updated on 2024-04-18 16:49:47 CEST.
Flavor | Version | Tinstall | Tcheck | Ttotal | Status | Flags |
---|---|---|---|---|---|---|
r-devel-linux-x86_64-debian-clang | 1.22.1-2 | 2.08 | 16.99 | 19.07 | OK | |
r-devel-linux-x86_64-debian-gcc | 1.22.1-2 | 2.19 | 13.83 | 16.02 | OK | |
r-devel-linux-x86_64-fedora-clang | 1.22.1-2 | 24.43 | NOTE | |||
r-devel-linux-x86_64-fedora-gcc | 1.22.1-2 | 25.86 | OK | |||
r-prerel-macos-arm64 | 1.22.1-2 | 15.00 | NOTE | |||
r-prerel-windows-x86_64 | 1.22.1-2 | 5.00 | 38.00 | 43.00 | NOTE | |
r-patched-linux-x86_64 | 1.22.1-2 | 2.03 | 16.80 | 18.83 | OK | |
r-release-linux-x86_64 | 1.22.1-2 | 2.02 | 16.83 | 18.85 | OK | |
r-release-macos-arm64 | 1.22.1-2 | 17.00 | NOTE | |||
r-release-macos-x86_64 | 1.22.1-2 | 20.00 | NOTE | |||
r-release-windows-x86_64 | 1.22.1-2 | 7.00 | 35.00 | 42.00 | NOTE | |
r-oldrel-macos-arm64 | 1.22.1-2 | 15.00 | NOTE | |||
r-oldrel-windows-x86_64 | 1.22.1-2 | 122.00 | 60.00 | 182.00 | NOTE |
Version: 1.22.1-2
Check: installed package size
Result: NOTE
installed size is 6.6Mb
sub-directories of 1Mb or more:
include 6.5Mb
Flavors: r-devel-linux-x86_64-fedora-clang, r-prerel-macos-arm64, r-prerel-windows-x86_64, r-release-macos-arm64, r-release-macos-x86_64, r-release-windows-x86_64, r-oldrel-macos-arm64, r-oldrel-windows-x86_64