Last updated on 2024-05-02 05:12:28 CEST.
Flavor | Version | Tinstall | Tcheck | Ttotal | Status | Flags |
---|---|---|---|---|---|---|
r-devel-linux-x86_64-debian-clang | 1.0.1 | 55.87 | 96.44 | 152.31 | OK | |
r-devel-linux-x86_64-debian-gcc | 1.0.1 | 44.42 | 72.26 | 116.68 | OK | |
r-devel-linux-x86_64-fedora-clang | 1.0.1 | 200.42 | OK | |||
r-devel-linux-x86_64-fedora-gcc | 1.0.1 | 197.55 | OK | |||
r-devel-windows-x86_64 | 1.0.1 | 47.00 | 101.00 | 148.00 | NOTE | |
r-patched-linux-x86_64 | 1.0.1 | 36.91 | 94.56 | 131.47 | OK | |
r-release-linux-x86_64 | 1.0.1 | 41.43 | 90.48 | 131.91 | OK | |
r-release-macos-arm64 | 1.0.1 | 52.00 | NOTE | |||
r-release-windows-x86_64 | 1.0.1 | 43.00 | 101.00 | 144.00 | NOTE | |
r-oldrel-macos-arm64 | 1.0.1 | 58.00 | NOTE | |||
r-oldrel-macos-x86_64 | 1.0.1 | 115.00 | NOTE | |||
r-oldrel-windows-x86_64 | 1.0.1 | 58.00 | 130.00 | 188.00 | NOTE |
Version: 1.0.1
Check: installed package size
Result: NOTE
installed size is 5.1Mb
sub-directories of 1Mb or more:
documents 2.4Mb
libs 1.1Mb
screenshots 1.6Mb
Flavors: r-devel-windows-x86_64, r-release-macos-arm64, r-release-windows-x86_64, r-oldrel-macos-arm64, r-oldrel-macos-x86_64, r-oldrel-windows-x86_64