Last updated on 2024-03-28 16:48:25 CET.
Flavor | Version | Tinstall | Tcheck | Ttotal | Status | Flags |
---|---|---|---|---|---|---|
r-devel-linux-x86_64-debian-clang | 1.8.1 | 39.94 | 83.32 | 123.26 | NOTE | |
r-devel-linux-x86_64-debian-gcc | 1.8.1 | 39.09 | 62.38 | 101.47 | NOTE | |
r-devel-linux-x86_64-fedora-clang | 1.8.1 | 161.05 | NOTE | |||
r-devel-linux-x86_64-fedora-gcc | 1.8.1 | 185.44 | NOTE | |||
r-devel-windows-x86_64 | 1.8.1 | 38.00 | 98.00 | 136.00 | NOTE | |
r-patched-linux-x86_64 | 1.8.1 | 51.32 | 83.46 | 134.78 | NOTE | |
r-release-linux-x86_64 | 1.8.1 | 43.92 | 81.00 | 124.92 | NOTE | |
r-release-macos-arm64 | 1.8.1 | 57.00 | NOTE | |||
r-release-macos-x86_64 | 1.8.1 | 96.00 | NOTE | |||
r-release-windows-x86_64 | 1.8.1 | 47.00 | 114.00 | 161.00 | NOTE | |
r-oldrel-macos-arm64 | 1.8.1 | 48.00 | NOTE | |||
r-oldrel-windows-x86_64 | 1.8.1 | 45.00 | 118.00 | 163.00 | OK |
Version: 1.8.1
Check: C++ specification
Result: NOTE
Specified C++11: please drop specification unless essential
Flavors: r-devel-linux-x86_64-debian-clang, r-devel-linux-x86_64-debian-gcc, r-devel-linux-x86_64-fedora-clang, r-devel-linux-x86_64-fedora-gcc, r-devel-windows-x86_64, r-patched-linux-x86_64, r-release-linux-x86_64, r-release-macos-arm64, r-release-macos-x86_64, r-release-windows-x86_64
Version: 1.8.1
Check: Rd metadata
Result: NOTE
Invalid package aliases in Rd file 'amelia.package.Rd':
‘amelia-package’
Flavors: r-devel-linux-x86_64-debian-clang, r-devel-linux-x86_64-debian-gcc, r-devel-linux-x86_64-fedora-clang, r-devel-linux-x86_64-fedora-gcc, r-devel-windows-x86_64, r-patched-linux-x86_64
Version: 1.8.1
Check: installed package size
Result: NOTE
installed size is 6.0Mb
sub-directories of 1Mb or more:
doc 1.4Mb
libs 3.9Mb
Flavors: r-release-macos-arm64, r-release-macos-x86_64, r-oldrel-macos-arm64