Last updated on 2024-05-02 05:12:29 CEST.
Flavor | Version | Tinstall | Tcheck | Ttotal | Status | Flags |
---|---|---|---|---|---|---|
r-devel-linux-x86_64-debian-clang | 1.1.0 | 135.80 | 119.38 | 255.18 | OK | |
r-devel-linux-x86_64-debian-gcc | 1.1.0 | 109.32 | 264.08 | 373.40 | OK | |
r-devel-linux-x86_64-fedora-clang | 1.1.0 | 350.05 | NOTE | |||
r-devel-linux-x86_64-fedora-gcc | 1.1.0 | 433.78 | NOTE | |||
r-devel-windows-x86_64 | 1.1.0 | 100.00 | 182.00 | 282.00 | OK | |
r-patched-linux-x86_64 | 1.1.0 | 136.32 | 263.27 | 399.59 | OK | |
r-release-linux-x86_64 | 1.1.0 | 134.42 | 233.67 | 368.09 | OK | |
r-release-macos-arm64 | 1.1.0 | 83.00 | NOTE | |||
r-release-windows-x86_64 | 1.1.0 | 104.00 | 189.00 | 293.00 | OK | |
r-oldrel-macos-arm64 | 1.1.0 | 92.00 | NOTE | |||
r-oldrel-macos-x86_64 | 1.1.0 | 141.00 | NOTE | |||
r-oldrel-windows-x86_64 | 1.1.0 | 122.00 | 200.00 | 322.00 | OK |
Version: 1.1.0
Check: dependencies in R code
Result: NOTE
Namespace in Imports field not imported from: ‘R.rsp’
All declared Imports should be used.
Flavors: r-devel-linux-x86_64-fedora-clang, r-devel-linux-x86_64-fedora-gcc
Version: 1.1.0
Check: installed package size
Result: NOTE
installed size is 10.2Mb
sub-directories of 1Mb or more:
libs 9.5Mb
Flavors: r-release-macos-arm64, r-oldrel-macos-arm64, r-oldrel-macos-x86_64