Last updated on 2024-04-17 16:52:59 CEST.
Flavor | Version | Tinstall | Tcheck | Ttotal | Status | Flags |
---|---|---|---|---|---|---|
r-devel-linux-x86_64-debian-clang | 0.1.0 | 2.68 | 31.19 | 33.87 | NOTE | |
r-devel-linux-x86_64-debian-gcc | 0.1.0 | 2.18 | 25.44 | 27.62 | NOTE | |
r-devel-linux-x86_64-fedora-clang | 0.1.0 | 43.99 | NOTE | |||
r-devel-linux-x86_64-fedora-gcc | 0.1.0 | 46.83 | NOTE | |||
r-prerel-macos-arm64 | 0.1.0 | 17.00 | NOTE | |||
r-prerel-windows-x86_64 | 0.1.0 | 4.00 | 47.00 | 51.00 | NOTE | |
r-patched-linux-x86_64 | 0.1.0 | 2.71 | 32.18 | 34.89 | NOTE | |
r-release-linux-x86_64 | 0.1.0 | 2.43 | 31.75 | 34.18 | NOTE | |
r-release-macos-arm64 | 0.1.0 | 18.00 | NOTE | |||
r-release-macos-x86_64 | 0.1.0 | 27.00 | NOTE | |||
r-release-windows-x86_64 | 0.1.0 | 3.00 | 46.00 | 49.00 | NOTE | |
r-oldrel-macos-arm64 | 0.1.0 | 19.00 | NOTE | |||
r-oldrel-windows-x86_64 | 0.1.0 | 5.00 | 50.00 | 55.00 | NOTE |
Version: 0.1.0
Check: LazyData
Result: NOTE
'LazyData' is specified without a 'data' directory
Flavors: r-devel-linux-x86_64-debian-clang, r-devel-linux-x86_64-debian-gcc, r-devel-linux-x86_64-fedora-clang, r-devel-linux-x86_64-fedora-gcc, r-prerel-macos-arm64, r-prerel-windows-x86_64, r-patched-linux-x86_64, r-release-linux-x86_64, r-release-macos-arm64, r-release-macos-x86_64, r-release-windows-x86_64, r-oldrel-macos-arm64, r-oldrel-windows-x86_64