Last updated on 2024-04-19 05:10:37 CEST.
Flavor | Version | Tinstall | Tcheck | Ttotal | Status | Flags |
---|---|---|---|---|---|---|
r-devel-linux-x86_64-debian-clang | 2.3.4 | 500.76 | 75.92 | 576.68 | NOTE | |
r-devel-linux-x86_64-debian-gcc | 2.3.4 | 365.09 | 70.24 | 435.33 | NOTE | |
r-devel-linux-x86_64-fedora-clang | 2.3.4 | 910.04 | NOTE | |||
r-devel-linux-x86_64-fedora-gcc | 2.3.4 | 829.43 | NOTE | |||
r-prerel-macos-arm64 | 2.3.4 | 192.00 | NOTE | |||
r-prerel-windows-x86_64 | 2.3.4 | 298.00 | 154.00 | 452.00 | NOTE | |
r-patched-linux-x86_64 | 2.3.4 | 433.53 | 81.24 | 514.77 | NOTE | |
r-release-linux-x86_64 | 2.3.4 | 432.40 | 80.65 | 513.05 | NOTE | |
r-release-macos-arm64 | 2.3.4 | 264.00 | NOTE | |||
r-release-macos-x86_64 | 2.3.4 | 406.00 | NOTE | |||
r-release-windows-x86_64 | 2.3.4 | 390.00 | 139.00 | 529.00 | NOTE | |
r-oldrel-macos-arm64 | 2.3.4 | 229.00 | NOTE | |||
r-oldrel-windows-x86_64 | 2.3.4 | 392.00 | 145.00 | 537.00 | NOTE |
Version: 2.3.4
Check: C++ specification
Result: NOTE
Specified C++11: please drop specification unless essential
Flavors: r-devel-linux-x86_64-debian-clang, r-devel-linux-x86_64-debian-gcc, r-devel-linux-x86_64-fedora-clang, r-devel-linux-x86_64-fedora-gcc, r-prerel-macos-arm64, r-prerel-windows-x86_64, r-patched-linux-x86_64, r-release-linux-x86_64, r-release-macos-arm64, r-release-macos-x86_64, r-release-windows-x86_64
Version: 2.3.4
Check: LazyData
Result: NOTE
'LazyData' is specified without a 'data' directory
Flavors: r-devel-linux-x86_64-debian-clang, r-devel-linux-x86_64-debian-gcc, r-devel-linux-x86_64-fedora-clang, r-devel-linux-x86_64-fedora-gcc, r-prerel-macos-arm64, r-prerel-windows-x86_64, r-patched-linux-x86_64, r-release-linux-x86_64, r-release-macos-arm64, r-release-macos-x86_64, r-release-windows-x86_64, r-oldrel-macos-arm64, r-oldrel-windows-x86_64
Version: 2.3.4
Check: installed package size
Result: NOTE
installed size is 28.8Mb
sub-directories of 1Mb or more:
cereal 1.4Mb
libs 27.3Mb
Flavors: r-prerel-macos-arm64, r-release-macos-arm64, r-release-macos-x86_64, r-oldrel-macos-arm64