Last updated on 2024-04-18 16:49:47 CEST.
Flavor | Version | Tinstall | Tcheck | Ttotal | Status | Flags |
---|---|---|---|---|---|---|
r-devel-linux-x86_64-debian-clang | 2.1 | 83.96 | 66.18 | 150.14 | NOTE | |
r-devel-linux-x86_64-debian-gcc | 2.1 | 68.13 | 49.62 | 117.75 | NOTE | |
r-devel-linux-x86_64-fedora-clang | 2.1 | 231.47 | NOTE | |||
r-devel-linux-x86_64-fedora-gcc | 2.1 | 251.75 | NOTE | |||
r-prerel-macos-arm64 | 2.1 | 61.00 | NOTE | |||
r-prerel-windows-x86_64 | 2.1 | 69.00 | 126.00 | 195.00 | NOTE | |
r-patched-linux-x86_64 | 2.1 | 88.96 | 62.90 | 151.86 | NOTE | |
r-release-linux-x86_64 | 2.1 | 88.39 | 62.30 | 150.69 | NOTE | |
r-release-macos-arm64 | 2.1 | 69.00 | NOTE | |||
r-release-macos-x86_64 | 2.1 | 114.00 | NOTE | |||
r-release-windows-x86_64 | 2.1 | 85.00 | 117.00 | 202.00 | NOTE | |
r-oldrel-macos-arm64 | 2.1 | 71.00 | NOTE | |||
r-oldrel-windows-x86_64 | 2.1 | 81.00 | 129.00 | 210.00 | NOTE |
Version: 2.1
Check: LazyData
Result: NOTE
'LazyData' is specified without a 'data' directory
Flavors: r-devel-linux-x86_64-debian-clang, r-devel-linux-x86_64-debian-gcc, r-devel-linux-x86_64-fedora-clang, r-devel-linux-x86_64-fedora-gcc, r-prerel-macos-arm64, r-prerel-windows-x86_64, r-patched-linux-x86_64, r-release-linux-x86_64, r-release-macos-arm64, r-release-macos-x86_64, r-release-windows-x86_64, r-oldrel-macos-arm64, r-oldrel-windows-x86_64