Last updated on 2024-04-23 16:58:08 CEST.
Flavor | Version | Tinstall | Tcheck | Ttotal | Status | Flags |
---|---|---|---|---|---|---|
r-devel-linux-x86_64-debian-clang | 1.0.4.3 | 17.49 | 94.51 | 112.00 | OK | |
r-devel-linux-x86_64-debian-gcc | 1.0.4.3 | 15.01 | 69.02 | 84.03 | OK | |
r-devel-linux-x86_64-fedora-clang | 1.0.4.3 | 148.03 | NOTE | |||
r-devel-linux-x86_64-fedora-gcc | 1.0.4.3 | 146.71 | NOTE | |||
r-prerel-macos-arm64 | 1.0.4.3 | 48.00 | OK | |||
r-prerel-macos-x86_64 | 1.0.4.3 | 101.00 | OK | |||
r-prerel-windows-x86_64 | 1.0.4.3 | 24.00 | 97.00 | 121.00 | OK | |
r-patched-linux-x86_64 | 1.0.4.3 | 23.30 | 89.51 | 112.81 | OK | |
r-release-linux-x86_64 | 1.0.4.3 | 20.11 | 90.06 | 110.17 | OK | |
r-release-macos-arm64 | 1.0.4.3 | 49.00 | OK | |||
r-release-macos-x86_64 | 1.0.4.3 | 97.00 | OK | |||
r-release-windows-x86_64 | 1.0.4.3 | 27.00 | 111.00 | 138.00 | OK | |
r-oldrel-macos-arm64 | 1.0.4.3 | 51.00 | OK | |||
r-oldrel-windows-x86_64 | 1.0.4.3 | 28.00 | 123.00 | 151.00 | OK |
Version: 1.0.4.3
Check: compiled code
Result: NOTE
File ‘ACDm/libs/ACDm.so’:
Found no calls to: ‘R_registerRoutines’, ‘R_useDynamicSymbols’
It is good practice to register native routines and to disable symbol
search.
See ‘Writing portable packages’ in the ‘Writing R Extensions’ manual.
Flavors: r-devel-linux-x86_64-fedora-clang, r-devel-linux-x86_64-fedora-gcc